d by 241.
11
Calculate the remainder when 714490 is divided by 15.
10
What is the remainder when 4392 is divided by 259?
248
What is the remainder when 26434 is divided by 226?
218
Calculate the remainder when 91487 is divided by 300.
287
What is the remainder when 132978 is divided by 109?
107
Calculate the remainder when 8902 is divided by 345.
277
What is the remainder when 13935 is divided by 517?
493
Calculate the remainder when 152487 is divided by 94.
19
What is the remainder when 2034 is divided by 213?
117
Calculate the remainder when 238 is divided by 48.
46
What is the remainder when 42804 is divided by 874?
852
What is the remainder when 16724 is divided by 507?
500
Calculate the remainder when 34998 is divided by 17409.
180
What is the remainder when 1474 is divided by 426?
196
What is the remainder when 3109 is divided by 83?
38
Calculate the remainder when 5137 is divided by 1705.
22
Calculate the remainder when 10631 is divided by 165.
71
What is the remainder when 13023 is divided by 353?
315
Calculate the remainder when 4488 is divided by 62.
24
Calculate the remainder when 1026 is divided by 511.
4
What is the remainder when 4039 is divided by 151?
113
What is the remainder when 158596 is divided by 18?
16
Calculate the remainder when 24403 is divided by 1401.
586
Calculate the remainder when 29792 is divided by 364.
308
What is the remainder when 642 is divided by 632?
10
What is the remainder when 685524 is divided by 15?
9
Calculate the remainder when 87620 is divided by 1234.
6
What is the remainder when 8148706 is divided by 27?
25
Calculate the remainder when 5309 is divided by 2624.
61
Calculate the remainder when 114978 is divided by 1742.
6
Calculate the remainder when 8430 is divided by 8204.
226
Calculate the remainder when 273845 is divided by 91272.
29
Calculate the remainder when 8008 is divided by 932.
552
Calculate the remainder when 268 is divided by 13.
8
What is the remainder when 49034 is divided by 220?
194
Calculate the remainder when 17857 is divided by 52.
21
Calculate the remainder when 15495 is divided by 104.
103
What is the remainder when 478681 is divided by 663?
658
What is the remainder when 13495 is divided by 115?
40
What is the remainder when 360 is divided by 144?
72
What is the remainder when 27641 is divided by 124?
113
Calculate the remainder when 5372 is divided by 797.
590
Calculate the remainder when 2354 is divided by 65.
14
Calculate the remainder when 40642 is divided by 521.
4
Calculate the remainder when 21228 is divided by 154.
130
What is the remainder when 27684 is divided by 159?
18
Calculate the remainder when 299 is divided by 131.
37
What is the remainder when 127162 is divided by 97?
92
Calculate the remainder when 11949 is divided by 239.
238
What is the remainder when 33025 is divided by 10992?
49
What is the remainder when 189367 is divided by 140?
87
What is the remainder when 187351 is divided by 187339?
12
Calculate the remainder when 55151 is divided by 563.
540
What is the remainder when 1714 is divided by 22?
20
What is the remainder when 11381 is divided by 102?
59
Calculate the remainder when 13151 is divided by 153.
146
Calculate the remainder when 1264 is divided by 867.
397
Calculate the remainder when 7009 is divided by 180.
169
Calculate the remainder when 11451 is divided by 543.
48
Calculate the remainder when 1519741 is divided by 379931.
17
Calculate the remainder when 5359 is divided by 1339.
3
What is the remainder when 1691 is divided by 266?
95
What is the remainder when 34537 is divided by 17262?
13
Calculate the remainder when 372 is divided by 322.
50
Calculate the remainder when 23503 is divided by 2611.
4
Calculate the remainder when 6662 is divided by 89.
76
Calculate the remainder when 50919 is divided by 12729.
3
Calculate the remainder when 16338 is divided by 10.
8
What is the remainder when 11040 is divided by 1569?
57
Calculate the remainder when 8992 is divided by 913.
775
Calculate the remainder when 92923 is divided by 21.
19
What is the remainder when 8635 is divided by 2873?
16
Calculate the remainder when 483073 is divided by 1164.
13
What is the remainder when 66400 is divided by 52?
48
What is the remainder when 45768 is divided by 13?
8
Calculate the remainder when 15561 is divided by 1106.
77
What is the remainder when 15635 is divided by 10?
5
What is the remainder when 7432 is divided by 504?
376
Calculate the remainder when 36143 is divided by 66.
41
What is the remainder when 69541 is divided by 2397?
28
Calculate the remainder when 710394 is divided by 4.
2
What is the remainder when 20581 is divided by 20575?
6
Calculate the remainder when 2996 is divided by 89.
59
What is the remainder when 132860 is divided by 87?
11
Calculate the remainder when 748442 is divided by 53459.
16
What is the remainder when 19046 is divided by 4746?
62
Calculate the remainder when 49012 is divided by 126.
124
What is the remainder when 24632 is divided by 385?
377
What is the remainder when 87806 is divided by 3?
2
Calculate the remainder when 185754 is divided by 90.
84
Calculate the remainder when 2106 is divided by 68.
66
What is the remainder when 3385 is divided by 72?
1
Calculate the remainder when 17531 is divided by 30.
11
What is the remainder when 17463 is divided by 5804?
51
Calculate the remainder when 12988 is divided by 50.
38
What is the remainder when 3040 is divided by 875?
415
Calculate the remainder when 153192 is divided by 726.
6
What is the remainder when 118754 is divided by 113?
104
Calculate the remainder when 493237 is divided by 615.
7
Calculate the remainder when 84344 is divided by 10542.
8
What is the remainder when 39418 is divided by 23?
19
Calculate the remainder when 1161 is divided by 313.
222
What is the remainder when 8838 is divided by 22?
16
What is the remainder when 471381 is divided by 16?
5
What is the remainder when 17829 is divided by 8912?
5
Calculate the remainder when 18247 is divided by 51.
40
What is the remainder when 1056633 is divided by 599?
596
Calculate the remainder when 96216 is divided by 2344.
112
Calculate the remainder when 375589 is divided by 1252.
1241
Calculate the remainder when 464829 is divided by 211.
207
Calculate the remainder when 2418 is divided by 803.
9
Calculate the remainder when 442 is divided by 246.
196
What is the remainder when 10975 is divided by 3658?
1
Calculate the remainder when 22311 is divided by 59.
9
Calculate the remainder when 24915 is divided by 34.
27
What is the remainder when 18398 is divided by 115?
113
What is the remainder when 34415 is divided by 11411?
182
Calculate the remainder when 72589 is divided by 36236.
117
Calculate the remainder when 6047 is divided by 253.
228
What is the remainder when 60966 is divided by 53?
16
Calculate the remainder when 74656 is divided by 174.
10
Calculate the remainder when 6172 is divided by 1214.
102
What is the remainder when 11156 is divided by 1890?
1706
Calculate the remainder when 10090 is divided by 4.
2
Calculate the remainder when 5559 is divided by 417.
138
Calculate the remainder when 1262 is divided by 664.
598
What is the remainder when 232291 is divided by 232283?
8
What is the remainder when 1190 is divided by 252?
182
What is the remainder when 1799 is divided by 249?
56
Calculate the remainder when 134143 is divided by 51.
13
What is the remainder when 201293 is divided by 92?
89
What is the remainder when 33528 is divided by 26?
14
What is the remainder when 550483 is divided by 4915?
3
What is the remainder when 292010 is divided by 232?
154
Calculate the remainder when 213119 is divided by 71034.
17
What is the remainder when 10054 is divided by 86?
78
Calculate the remainder when 54826 is divided by 9.
7
What is the remainder when 3703 is divided by 3649?
54
Calculate the remainder when 33925 is divided by 263.
261
Calculate the remainder when 16656 is divided by 238.
234
What is the remainder when 15002 is divided by 194?
64
Calculate the remainder when 2835 is divided by 865.
240
Calculate the remainder when 14405 is divided by 2399.
11
What is the remainder when 186856 is divided by 45?
16
What is the remainder when 21304 is divided by 277?
252
Calculate the remainder when 43